91
Let o(n) = 6*n**2 + 9*n + 4. What is o(-1)?
1
Let k(z) = 6*z**2 + 9*z + 16. Give k(-3).
43
Let z(y) = y**3 - 38*y**2 - 213*y - 76. Determine z(43).
10
Let j(d) = -25486*d + 152910. Calculate j(6).
-6
Let g(y) = y**3 - 30*y**2 + 56*y + 52. Give g(28).
52
Let o(r) = 2*r**2 - 149*r + 1201. Calculate o(9).
22
Let l(j) = j**2 + 36*j + 257. Determine l(-26).
-3
Let r(q) = 2*q**3 - 27*q**2 + 54*q - 8. Calculate r(2).
8
Let b(y) = y**3 + 29*y**2 + 36*y - 251. Give b(-27).
235
Let h(o) = -86*o - 4505. What is h(-51)?
-119
Let x(p) = -2*p**2 - 8*p + 400. Give x(-17).
-42
Let y(z) = 8*z + 303. Calculate y(-40).
-17
Let v(u) = 5635*u + 28180. Give v(-5).
5
Let z(k) = -84*k**3 - 588*k**2 + 4*k + 11. What is z(-7)?
-17
Let r(h) = 17*h - 619. Calculate r(11).
-432
Let f(n) = -30*n**3 + 11*n**2 - 7*n - 5. Determine f(2).
-215
Let l(i) = 425*i + 2955. Give l(-7).
-20
Let k(q) = -2*q + 158. Calculate k(4).
150
Let h(o) = -6*o**2 - 143*o + 21. Determine h(-24).
-3
Let n(l) = l**3 - l**2 - 3*l + 113. Calculate n(0).
113
Let g(m) = -m**2 - 56*m + 89. Determine g(-59).
-88
Let z(g) = -722*g - 5783. Calculate z(-8).
-7
Let d(n) = -406*n + 24751. What is d(61)?
-15
Let k(p) = 2*p**3 + 21*p**2 + 18*p + 135. Determine k(-11).
-184
Let b(s) = -23*s - 8. Determine b(-2).
38
Let k(o) = 2*o**2 + 5826*o + 5827. What is k(-1)?
3
Let c(o) = -o**3 - 8*o**2 + 3*o + 3. What is c(0)?
3
Let o(t) = 64*t + 942. Calculate o(-17).
-146
Let n(o) = o**3 + 39*o - 85. What is n(2)?
1
Let y(t) = 29*t - 130. Calculate y(5).
15
Let d(l) = 446*l - 1777. Give d(4).
7
Let c(x) = -12622*x - 88347. What is c(-7)?
7
Let m(x) = -61*x + 2303. Give m(38).
-15
Let f(z) = -2*z**3 - 39*z**2 + 63*z - 2. What is f(-21)?
-2
Let b(o) = o**3 + 7*o**2 - 9*o + 31. Give b(-9).
-50
Let z(u) = 2*u**2 + 16*u + 11. Give z(5).
141
Let c(a) = a**3 + 3*a**2 - 16*a - 17. What is c(-6)?
-29
Let x(t) = t**3 - 17*t**2 - 1642*t - 403. Calculate x(50).
-3
Let c(i) = 185*i - 1487. Calculate c(8).
-7
Let x(k) = -90*k - 308. What is x(-4)?
52
Let g(c) = -c**3 - 51*c**2 - 89*c - 1. Determine g(-49).
-442
Let z(q) = 178*q**3 + 9*q - 6. What is z(0)?
-6
Let i(m) = -10*m - 26. What is i(14)?
-166
Let j(y) = 45*y + 134. What is j(-3)?
-1
Let z(u) = -30*u + 1117. Determine z(5).
967
Let h(z) = -8*z**3 + 64*z**2 + 6*z - 26. Calculate h(8).
22
Let b(x) = 21551*x + 107758. Calculate b(-5).
3
Let c(p) = 2*p**2 + 109*p - 641. Determine c(-59).
-110
Let z(d) = -2*d**3 + 12*d**2 - 2*d - 15. Give z(4).
41
Let i(h) = 3*h**3 - 134*h**2 + 217*h - 92. Determine i(43).
-6
Let d(t) = 40*t - 1604. Calculate d(38).
-84
Let s(w) = 119*w - 6. Calculate s(1).
113
Let l(c) = 4*c**2 - 981*c - 5004. What is l(-5)?
1
Let q(m) = 3*m**3 - m**2 + 35*m - 3. Determine q(0).
-3
Let v(c) = c**2 - 22*c + 152. Calculate v(8).
40
Let r(a) = -46*a - 325. Calculate r(-7).
-3
Let u(z) = -2*z**3 - 72*z**2 - 2*z - 50. Determine u(-36).
22
Let l(c) = -c**2 - 100*c + 218. Calculate l(-102).
14
Let g(v) = 430*v + 2914. Determine g(-7).
-96
Let s(c) = -c**3 + 244*c**2 + 176*c + 16904. Determine s(245).
-1
Let n(w) = -w**3 + 114*w**2 - 2224*w - 84. Calculate n(89).
5
Let x(o) = 7*o**2 - 1924*o + 3548. What is x(273)?
-1
Let b(w) = w**3 - 78*w**2 + 74*w + 239. Determine b(77).
8
Let b(u) = -23*u - 19. Calculate b(10).
-249
Let n(g) = -g**3 + 15*g**2 - 19*g + 37. What is n(11)?
312
Let m(g) = g**3 - 24*g**2 + 104*g - 40. Calculate m(5).
5
Let o(t) = -205*t - 120. Give o(2).
-530
Let i(v) = -4*v**3 - v**2 - 3*v + 1. Determine i(-2).
35
Let t(o) = -12*o**3 + o**2 - 3*o + 4. Calculate t(1).
-10
Let w(i) = i**3 + 25*i**2 + 139*i - 122. Determine w(-11).
43
Let g(r) = 3*r - 18. Determine g(10).
12
Let s(z) = 67*z**2 - 16*z - 4. Give s(1).
47
Let j(g) = 2*g**3 + 97*g**2 + 715*g + 14. Calculate j(-9).
-22
Let q(f) = -f**3 - 162*f**2 + 15945*f + 1386. Calculate q(-231).
0
Let p(n) = 2*n**3 + 97*n**2 + 438*n + 1839. Give p(-44).
-9
Let t(c) = 4*c**2 - 73*c + 54. Give t(13).
-219
Let n(r) = r**2 + 68*r + 1160. Give n(-31).
13
Let m(n) = -62*n - 109. Determine m(-3).
77
Let j(l) = 2990*l + 47836. Determine j(-16).
-4
Let a(u) = -2*u**3 - 2*u**2 + 144*u + 10. Give a(8).
10
Let f(v) = -2*v**3 - 17*v**2 - 33*v + 10. Determine f(-5).
0
Let o(q) = -q**3 + 57*q**2 - 429*q - 38. What is o(48)?
106
Let g(o) = -2*o**3 - 14*o**2 - 5*o + 755. Calculate g(0).
755
Let y(d) = 139*d + 41. Give y(0).
41
Let v(d) = -d**3 - 8*d**2 - 633*d - 3083. Determine v(-5).
7
Let r(d) = d**3 + 4*d**2 + d. Determine r(0).
0
Let c(u) = -u + 32. Give c(11).
21
Let d(l) = 38*l - 11. Give d(-3).
-125
Let a(g) = -25*g**2 + 100*g - 8. Calculate a(4).
-8
Let j(d) = d**2 - 17*d - 4097. Calculate j(73).
-9
Let o(h) = -h**3 - 8*h**2 + 2*h - 23. Give o(-10).
157
Let f(r) = -94*r - 1123. Calculate f(-10).
-183
Let d(q) = -2*q**3 + 12*q**2 - 17*q + 5. What is d(5)?
-30
Let w(r) = r**3 + 24*r**2 + r - 12. Calculate w(-24).
-36
Let f(z) = 71*z**2 - 33*z + 1. Determine f(1).
39
Let m(h) = -2*h**3 + 36*h**2 - 133*h + 38. What is m(13)?
-1
Let t(a) = 6*a**2 + 63*a - 200. Determine t(-13).
-5
Let y(b) = -b**3 - 42*b**2 + 57*b + 3997. What is y(-41)?
-21
Let b(x) = -2*x**2 - 47*x + 236. What is b(-28)?
-16
Let p(j) = j**3 + 6*j**2 + 2*j - 145. Determine p(0).
-145
Let r(i) = 10*i**2 + 110*i - 62. Determine r(-12).
58
Let o(s) = -s**3 + 49*s**2 - 295*s + 116. Calculate o(42).
74
Let h(y) = -2*y**3 + 40*y**2 - 28*y + 55. Give h(19).
245
Let o(g) = -79*g + 357. What is o(6)?
-117
Let m(f) = 10*f**2 - 25*f - 12. Give m(8).
428
Let t(h) = -234*h. Determine t(2).
-468
Let h(j) = -j**2 - 53*j - 685. Determine h(-31).
-3
Let a(k) = -4*k**2 - 40*k - 27. Determine a(-13).
-183
Let r(n) = 40*n - 285. Calculate r(7).
-5
Let o(u) = 83*u + 1302. Give o(-15).
57
Let f(b) = 88*b + 826. Give f(-10).
-54
Let z(r) = r**3 - 17*r**2 + 27*r + 34. Calculate z(14).
-176
Let l(i) = -2*i**3 + 12*i**2 + 29*i - 208. Calculate l(6).
-34
Let v(b) = 96*b + 1608. Calculate v(-17).
-24
Let l(m) = -2*m**2 - 69*m + 1203. Determine l(-47).
28
Let u(a) = -153*a + 993. Determine u(7).
-78
Let p(i) = -11*i + 195. Give p(16).
19
Let b(x) = -33*x + 721. Calculate b(21).
28
Let m(z) = -4*z**3 - 41*z**2 - 17*z - 549. Determine m(-11).
1
Let v(u) = u**3 + 51*u**2 - 54*u - 84. What is v(-52)?
20
Let g(a) = 266*a + 770. Calculate g(-3).
-28
Let m(x) = x**3 - 4*x**2 - 11*x + 106. Determine m(8).
274
Let y(g) = g**3 - 15*g**2 - 5*g + 263. Give y(13).
-140
Let n(h) = -h**2 + 104*h - 1185. What is n(13)?
-2
Let o(n) = 180*n - 1170. What is o(7)?
90
Let h(z) = 2*z**3 - 21*z**2 + 30*z - 1. Give h(9).
26
Let v(n) = -813*n + 36. What is v(0)?
36
Let a(h) = h**3 + 7*h**2 + 64*h + 429. What is a(-7)?
-19
Let x(d) = -5*d - 6. What is x(-14)?
64
Let p(w) = -w**3 - 8*w**2 + 36*w + 30. Give p(-11).
-3
Let b(o) = -3*o**3 + 20*o**2 - 21*o + 150. What is b(7)?
-46
Let q(b) = -1212*b + 8551. What is q(7)?
67
Let k(m) = m**3 - 89*m**2 + 1477*m - 201. Give k(67).
0
Let p(g) = -2*g**3 + 63*g**2 - 197*g + 4. What is p(28)?
-24
Let j(y) = 2*y**2 - 21*y - 65. Give j(-4).
51
Let k(n) = -23*n - 19. Determine k(14).
-341
Let y(n) = -2*n**2 + 11*n + 56. What is y(16)?
-280
Let k(z) = -2*z**3 + 356*z**2 - 2392*z - 351. Give k(171).
-9
Let k(p) = -12*p**3 + 70*p**2 + 2*p + 5. Determine k(6).
-55
Let n(c) = -3*c**3 - 18*c**2 - 13*c + 34. What is n(-5)?
24
Let c(g) = -875*g - 7000. Give c(-8).
0
Let k(w) = -5*w**2 + 379*w + 2990. Calculate k(83).
2
Let p(h) = -4*h**3 + 3*h**2 + 10*h + 5. Calculate p(-2).
29
Let i(c) = 3*c**2 - 93*c + 725. Give i(15).
5
Let i(f) = 24*f + 274. Determine i(-12).
-14
Let v(q) = -396*q - 13857. Determine v(-35).
3
Let w(a) = 2*a**3 - 48*a**2 + 129*a - 64. Give w(21).
-1
Let z(h) = 770*h + 2532. What is z(-3)?
222
Let k(x) = -x**2 - 12*x - 20. What is k(-11)?
-9
Let k(a) = -2*a**2 - 4*a + 589. Calculate k(16).
13
Let u(f) = f**3 - 39*f**2 + 210*f + 83. Determine u(7).
-15
Let v(y) = -y**2 - 74*y - 467. What is v(-67)?
2
Let s(q) = -12*q + 333. Calculate s(26).
21
Let y(c) = c**3 - 22*c**2 - 47*c + 1039. Determine y(22).
5
Let c(y) = -y**3 - 51*y**2 - 9*y - 405. Give c(-51).
54
Let u(f) = -2*f**2 - 125*f + 900. What is u(-69)?
3
Let m(f) = 2*f**2 - 844*f - 7766. What is m(-9)?
-8
Let l(q) = -q**3 - 19*q**2 - 39*q - 201. Determine l(-18).
177
Let d(g) = -3*g**2 - 45*g + 162. Dete